= 7*t**2 - 11*t - 5. List the prime factors of x(s).
3, 5
Let g(y) = y**3 + 8*y**2 + 7*y. Let z be g(-7). Suppose -j + z - 3 = 0, f - 41 = 5*j. What are the prime factors of f?
2, 13
Suppose 4*d - g = 3283, 3*d - 3*g + 3271 = 7*d. Suppose -3*u = u - h - 817, -4*u + 4*h + d = 0. List the prime factors of u.
2, 3, 17
Suppose 5*f - 1576 = -x, 0 = -4*f + 29 - 13. What are the prime factors of x?
2, 389
Let w = 2474 - 981. What are the prime factors of w?
1493
Suppose -1 = 3*s - 7. Let n = -43 - -46. Suppose -n*j + 110 = s*j. What are the prime factors of j?
2, 11
What are the prime factors of 380/665 - 8578/(-7)?
2, 613
What are the prime factors of 0 + -3 + 2 + 608?
607
Suppose 5*d = 2 - 22, 3*d = 5*i - 187. Let z be (-2 + 3)*(10 - 2). Suppose 0 = -3*c - z + i. What are the prime factors of c?
3
Suppose 2*s - 5*z + 6*z - 80 = 0, 0 = s + 5*z - 58. Let n = s + 15. List the prime factors of n.
53
Let c = 785 + -375. What are the prime factors of (-5)/(2/(-10) - (-72)/c)?
5, 41
Let d(b) = 3*b + 1. Let l be d(4). Let v be l*4 - 18/9. Suppose v = -0*u + 2*u. What are the prime factors of u?
5
Let s = -132 + 94. Let x = -15 - s. List the prime factors of x.
23
Let f be 1 + (1 + 2 - 4)/(-1). List the prime factors of 132*(3/(-2) + f).
2, 3, 11
Let k(i) = 35*i**2 + 6*i + 60. What are the prime factors of k(7)?
23, 79
Let x be (-2)/8 + 7/28. Suppose 5*r - 16 - 204 = x. What are the prime factors of r?
2, 11
List the prime factors of (3 - 1288/12)/(10/(-30)).
313
Let a be 24*(27/12 + -3). Let z = -19 - a. List the prime factors of (3/1)/(0 - z).
3
Let s(g) = -4*g + 9. Let w be 1*(-1 + 3)/2. Let z be (w*-4)/(3/3). List the prime factors of s(z).
5
Let r be 5/(-1) + 20/(-5). Let n be 102/r*(-6)/4. Let c = n - 0. What are the prime factors of c?
17
Let c be (-18)/(-4)*8/(-12). Let z be ((13 - -2) + c)/2. List the prime factors of (-3)/9 + 80/z.
13
Let f be ((-1617)/6 + 1)*(-8 - -6). Suppose 3*w = 4*z - 517, -3*z + f = z + w. List the prime factors of z.
7, 19
Let r(a) = -2*a**3 - 2*a**2 + 5*a + 6. Let h = -35 + 31. What are the prime factors of r(h)?
2, 41
Let u(c) = 3*c + 10. Suppose -95 = -4*v - 2*t + 5*t, -3*v - 4*t = -90. Let x = v - 18. What are the prime factors of u(x)?
2, 17
Let n = 1315 + -579. List the prime factors of n.
2, 23
Suppose 20*d + 9402 = 26*d. List the prime factors of d.
1567
Let f(n) = -n**3 - 6*n**2 + 16*n - 19. What are the prime factors of f(-10)?
13, 17
Let a(c) = c**2 + 19*c + 4. Let j be a(-19). Suppose 4*y + 0*m + 44 = -j*m, -m = -y - 9. What are the prime factors of (2 + 6)*(-40)/y?
2
Suppose 439 + 361 = 5*k. What are the prime factors of k?
2, 5
Suppose 987 = 51*w - 50*w + 5*f, 4*f - 4977 = -5*w. List the prime factors of w.
997
Suppose 2*f - 21 = -5*f. Suppose 2*m - 467 = -4*r - f*m, -r = -5*m - 98. What are the prime factors of r?
113
Let f(m) = m**2 - 18*m - 16. Let q be f(18). Let z = q - -36. Let x = z + -1. List the prime factors of x.
19
Let d be 3/2*(-20)/(-30). List the prime factors of d/(((-24)/45)/(-8)).
3, 5
Let f be 18/63 + (-164)/(-14). Let q(a) = f*a + 3 - 4 - 8 - a**2 - 1. What are the prime factors of q(9)?
17
Let d(u) = u**2 - 4*u - 2. Let l be d(5). Suppose 0 = -0*q + l*q. Suppose -s + 2*y = -2*y - 21, -2*s + 5*y + 36 = q. List the prime factors of s.
13
Let s = -26 - -18. Let a(x) = -x - 7. Let c be a(s). List the prime factors of (36/(-8))/(c/(-10)).
3, 5
Let i = -2 + 4. Let b(h) = 16*h + 3. What are the prime factors of b(i)?
5, 7
Let h(i) = 10*i**2 + 1 - 5*i**2 - 8*i + 13. List the prime factors of h(5).
3, 11
Suppose 4*r - 14 = -6. Suppose 85 = r*h + 3*h. Suppose -2*q + h = -7. What are the prime factors of q?
2, 3
Suppose -2*j + 1847 = -m - 316, 0 = -5*j + 2*m + 5405. List the prime factors of j.
13, 83
Let n(i) = 31*i**2 - 3 - 14*i**2 - 4*i + 0. Let g be n(-2). Let b = -35 + g. List the prime factors of b.
2, 19
Suppose 8798 = 4*b - 5*v, -v = 35*b - 36*b + 2199. What are the prime factors of b?
13
Suppose -8*u + 7*u + 9 = -5*w, 3*w = -u - 15. Let y = 14 - u. What are the prime factors of y?
2, 5
Let s(t) = t**3 - 6*t**2 - 4*t - 4. Let k(b) = -b**2. Let q(c) = -5*k(c) + s(c). Let a(h) = h - 2. Let n be a(6). List the prime factors of q(n).
2, 7
Suppose -f + 3 = 0, 4*f = 47*y - 45*y - 2220. List the prime factors of y.
2, 3, 31
Suppose -3*y = -2*b + b + 129, 0 = -4*b - 2*y + 502. Let z be 4/(-3)*b/28. What are the prime factors of (129/z)/(3/(-6))?
43
Suppose 2*q + 12 = 2. Let m be (-2 - 153)*2/q. Let r = -29 + m. What are the prime factors of r?
3, 11
Let s(v) = -6*v**2 + 14*v - 25. Let y(w) = -w**2 + w + 1. Let o(m) = -s(m) + 5*y(m). List the prime factors of o(13).
2, 41
Let n = -100 + 171. Let c = -20 + n. What are the prime factors of c?
3, 17
Suppose -762 = -4*s - 2*d, 4*d - 6*d = 2*s - 376. Suppose 11 = -13*u + s. List the prime factors of u.
2, 7
Let j(d) = d**2 - 7*d + 9. Let g be j(6). Suppose -5*s - g*z = -121, 4*s + 0*z + 5*z - 102 = 0. List the prime factors of s.
23
Let x be (-86)/(-30) + (-6)/(-45). Let z be ((-6)/4)/(1/(-38)). Suppose w - 2*n - 28 = 0, -w + x*w - 3*n - z = 0. What are the prime factors of w?
2, 3, 5
Let a(d) = -d**2 + 7*d - 33. Let u(y) = -y**2 + 4*y - 17. Let h(i) = 3*a(i) - 5*u(i). What are the prime factors of h(-9)?
139
Suppose 6 = 3*z - 0. Suppose -5*q + h + z*h + 474 = 0, 0 = 4*q - h - 382. List the prime factors of q.
2, 3
Suppose a - 3 = 17. Let l = a + -18. Suppose 5*b - l*g = 231, -b + 4*g = 2*g - 51. What are the prime factors of b?
3, 5
Let v = -15 + 19. Suppose -4*u + 3*y = -y - 32, -v*y = -5*u + 36. List the prime factors of (-7)/((6/(-3))/u).
2, 7
Suppose -5*h - 4*y - 3649 = -10*h, h - 3*y = 732. What are the prime factors of h?
3
Let t(z) be the first derivative of -3*z**2/2 - 8*z - 11. List the prime factors of t(-6).
2, 5
Let l = 140 + 16. Suppose 2*v = 6*v - l. List the prime factors of v.
3, 13
Suppose 4*w = -2*r + 372, 2*w - 111 - 67 = 3*r. Let s = -4 - -4. Suppose 5*g - 2*c - 148 = -s*g, -5*c + w = 4*g. List the prime factors of g.
2, 7
Suppose -16*v + 47687 - 9975 = 0. What are the prime factors of v?
2357
Suppose -f - 35 = -2*f. Suppose 0 = r + 4*r - f. List the prime factors of r.
7
Suppose 5*j - 13282 - 3218 = -2*y, -5*j = y - 16505. List the prime factors of j.
2, 13, 127
Suppose 4*g - x = 3*g + 947, -g - x + 939 = 0. List the prime factors of g.
23, 41
Let f = 122 + 263. List the prime factors of f.
5, 7, 11
Suppose -3*k + 4*y = -146, 0*y - 4*y = -16. What are the prime factors of k?
2, 3
Suppose -4*c = -3*g - 144, -c + 27 = g + 75. What are the prime factors of (-30)/(-8)*g/(-9)?
2, 5
Let j(u) be the first derivative of -u**2/2 + 64*u - 2. List the prime factors of j(0).
2
Suppose 3*q + 5*s = s - 32, q - 1 = s. List the prime factors of 0 - -5 - (q - 168).
3, 59
Suppose 14*i = 7*i - 189. What are the prime factors of 1*41*(i - -32)?
5, 41
Let d(w) = w**3 + 6*w**2 + 5*w + 3. Let z be d(-6). Let s = z - -39. What are the prime factors of s?
2, 3
Suppose 3496 = 7*n - 109. What are the prime factors of n?
5, 103
Let f(y) be the third derivative of -y**4/4 + y**3 + y**2. Let d be f(4). Let l = -14 - d. List the prime factors of l.
2
Suppose 32*o - 215040 + 63648 = 0. List the prime factors of o.
3, 19, 83
Let b(q) = -3*q + 7. Let t(u) = 2*u - 8. Let n(o) = 3*b(o) + 4*t(o). Let h be n(-11). Suppose h = p + m - 34, -49 = -p - 3*m - m. List the prime factors of p.
29
Suppose 0 = 33*r - 57*r + 87312. What are the prime factors of r?
2, 17, 107
Let x be (-6 - 1)*(-44)/77. Suppose -297 = -x*q - b, -q + 0*q = -3*b - 58. List the prime factors of q.
73
Let u = -48 + 76. What are the prime factors of (u/(-6))/(-3 - 160/(-54))?
2, 3, 7
Let u be -4 + -5 + -2 + 11. Suppose -5*p + 25 = u, 2*c + 2*p = -p + 345. What are the prime factors of c?
3, 5, 11
Let x(u) = 6 + 27*u**2 - 2*u + 7*u + 3*u + 2*u**2. List the prime factors of x(-2).
2, 53
Let k(s) = 19*s**2 - 9*s - 15. What are the prime factors of k(-4)?
5, 13
Let j(v) = -v**3 - 6*v**2 + 7*v + 3. Let n = 22 + -27. Let i be 40/(-6) + n/15. What are the prime factors of j(i)?
3
Suppose -521 - 674 = -d. What are the prime factors of d?
5, 239
Suppose -2*y = 4*s - 2, 0 = 3*y + 3*s + 2*s - 7. Let u(q) = -2*q**2 - 13*q + 6. Let c be u(-6). Let t = c - y. What are the prime factors of t?
3
Let b(u) = 3*u - 22.